 Calculate the highest common factor of s and 95.
19
Let g(c) = 2*c - 8. Let w be g(4). Suppose w = -a - 1 + 5. Suppose -4*q = -0*q + 2*n - 48, -a*n = -5*q + 60. Calculate the highest common factor of 8 and q.
4
Suppose -100 = 104*x - 105*x. Calculate the highest common factor of x and 68.
4
Suppose -3*i = -3*u + 102, 2*u = -0*u - 5*i + 75. Calculate the greatest common factor of u and 175.
35
Let k = -73 + 75. Suppose k*t + 2*p - 16 = 0, 4*t + 0*p + p = 38. Calculate the highest common factor of t and 4.
2
Let g = 10 + 19. Let j = 33 - g. Calculate the highest common divisor of 8 and j.
4
Let z be -7 - (-7126)/182 - (-4)/(-26). What is the highest common factor of z and 20?
4
Suppose 5*a - s - 701 = 0, 0 = a + a - 3*s - 283. What is the highest common factor of 5 and a?
5
Let m = 20 - 12. Suppose 4*x = -v - 82, 4*x - v = 3*v - 92. Let i = x + 37. Calculate the highest common factor of m and i.
8
Let f(u) be the first derivative of -u**4/4 + 11*u**3/3 + 5*u**2/2 - 20*u - 18. Let b be f(11). Calculate the highest common divisor of 7 and b.
7
Let m = 14 - 6. Suppose 207 = 4*p + 3*h, 2*p = m*h - 3*h + 71. Suppose 0 = 3*s + 6 - 24. What is the greatest common factor of p and s?
6
Let c be (-8 + 30/5)*60/(-8). What is the greatest common factor of c and 5?
5
Let m(i) = -i**3 - 16*i**2 + 32*i - 21. Let d be m(-18). Let g = d - 39. Calculate the highest common divisor of g and 16.
4
Suppose 4*z = -3*f - 87, -5*f = 4*z - f + 88. Let w = z + 23. What is the greatest common divisor of w and 14?
2
Let t = 116 + -100. Let u(s) = -s**3 + s**2 + s - 155. Let o be u(0). Let x = o - -219. Calculate the greatest common factor of t and x.
16
Suppose -303 = 217*f - 220*f. Suppose -113 + f = -3*q. Calculate the highest common divisor of 12 and q.
4
Let h be 4/(-16)*-138*14. Suppose -4*b + h = -477. Suppose -v - b = -4*v. What is the greatest common divisor of 10 and v?
10
Let y be 5/((-275)/(-264))*50/3. Calculate the greatest common divisor of 260 and y.
20
Suppose 19*p - 145 = 311. Calculate the highest common divisor of p and 282.
6
Suppose -18 = -15*v + 27. Let f be (-1)/(-2)*v*(-192)/(-18). Calculate the greatest common divisor of f and 40.
8
Let j be (-1 - 2/6)/((-10)/75). Let a be ((-65)/j)/((-9)/6 - -1). Suppose -126 = -5*i + 394. Calculate the highest common factor of i and a.
13
Let z = 522 + -347. Let w(s) = -s**3 + 13*s**2 - 27*s + 14. Let q be w(11). Let l = q - -66. What is the highest common divisor of l and z?
25
Suppose 0 = -4*p - 5*m - 361, -50 = p - 2*m + 37. Let q = p + 45. Let x = 25 - q. Calculate the greatest common factor of 23 and x.
23
Let d be 5 + 4/(-10)*(-1 - -6). Suppose 0 = p + 5, 5*y + 7*p - 440 = d*p. What is the highest common divisor of 23 and y?
23
Let d = 6 - 10. Let z(j) = -j**3 - 4*j**2 - 4*j - 9. Let a be z(d). What is the highest common divisor of a and 21?
7
Let k(i) = -i**2 - 48*i - 422. Let g be k(-35). Let d be -1*(4 - 2) - -13. Calculate the greatest common divisor of d and g.
11
Suppose 0 = 6*p - 9*p - 6. Let i be 24 - (p + 2 - 3). What is the highest common divisor of i and 135?
27
Let z = -963 + 1235. What is the highest common divisor of 306 and z?
34
Suppose 0*o - 2*o = -386. Suppose 23 = 6*z - o. Calculate the highest common divisor of z and 27.
9
Let h(x) = x**3 - 23*x**2 + x - 19. Let r be h(23). What is the highest common factor of 18 and r?
2
Let r be 6 - (-90 - (-11 + 6) - -6). Calculate the highest common factor of 51 and r.
17
Let i(t) = -7*t + 33. Let k be i(-6). Suppose -5*r - h + 4*h = -75, 45 = 3*r + 4*h. What is the highest common divisor of k and r?
15
Let w = -25 - -11. Let v be (4 - 1*w) + -2. Let m = 6 - -10. What is the greatest common divisor of m and v?
16
Let d = 119 + -87. Calculate the greatest common factor of 4 and d.
4
Let t be 3 + (-15)/(1 + -4). Suppose 7*z - t*z = -12. Let d(h) = 36*h. Let n be d(3). What is the greatest common factor of z and n?
12
Let n(f) = -14*f**3 + f**2 - 4*f - 5. Let d be n(-1). What is the greatest common factor of d and 2058?
14
Let u = -8 - -6. Let z(m) = 2*m**2 - 3*m - 3. Let r be z(u). What is the greatest common divisor of r and 33?
11
Let b(m) = -m**3 - m**2 + 7*m + 11. Let q = -9 + 6. Let i be b(q). What is the greatest common factor of 4 and i?
4
Let x = 419 + -413. Calculate the highest common factor of x and 30.
6
Let q(m) = 74*m + 906. Let z be q(-12). Suppose -3*c = -292 + 103. What is the highest common factor of z and c?
9
Suppose 2*s - 2 = 4. Let n(i) = 35*i - 190. Let v be n(8). Suppose v = -0*c + s*c. Calculate the greatest common divisor of 6 and c.
6
Suppose 9*o - 216 = -3*o. What is the highest common factor of o and 279?
9
Suppose 93 = 3*m - 2*d - 71, -10 = -5*d. Calculate the highest common factor of 42 and m.
14
Suppose 0 = 210*x - 201*x - 468. What is the highest common factor of x and 377?
13
Suppose 0 = 169*a - 196*a + 19008. Calculate the greatest common divisor of a and 128.
64
Let s(f) = -f**3 + 14*f**2 - 27*f + 2. Let n be s(9). Calculate the greatest common divisor of n and 41.
41
Let h = 1451 - 1412. Calculate the highest common factor of 975 and h.
39
Let g be ((-18)/(-15))/((-3)/10) + 84. Suppose 2*c - 1 - 11 = 4*p, -4*c = -4*p - 32. What is the highest common factor of c and g?
10
Let l(g) = 2*g**3 + 3*g**2 + 3*g + 1. Let d be l(-2). Let y be d + 6 - (3 + -9). Let m = y - -20. What is the highest common divisor of m and 161?
23
Let h be (20800/30)/16*(-3)/(-2). Calculate the greatest common factor of h and 13.
13
Let a = 776 - 284. What is the highest common divisor of a and 24?
12
Suppose -4*k = -4 - 356. Suppose -5 = -2*b + 75. Let p = b - 30. What is the highest common factor of k and p?
10
Let t = -8 + 10. Let g(n) = -14 + 44 - 21 + 2*n**t + 4*n. Let k be g(-4). What is the greatest common factor of k and 25?
25
Let o(i) = 56*i**2 - 3*i - 1. Let r be o(-1). Let n = 67 - r. Calculate the greatest common divisor of 3 and n.
3
Let h(p) = 9*p + 8. Let g be h(3). Let t = 139 - g. What is the highest common factor of t and 78?
26
Suppose -2*i - 86 = -2*z, -17*z - 5*i + 165 = -12*z. What is the highest common factor of z and 1178?
38
Suppose 146 - 11 = 15*k. Calculate the highest common divisor of 21 and k.
3
Suppose -153 = -11*y + 10*y - 4*o, 5*y + o - 841 = 0. What is the greatest common divisor of 39 and y?
13
Let g = 13742 + -9198. What is the greatest common factor of g and 142?
142
Let z(y) = 11*y + 246. Let i be z(-22). Calculate the greatest common factor of i and 108.
4
Let f be (-5)/(-3 - 2) + 38. Suppose 0 = 4*n - 9 - 3. Calculate the greatest common divisor of f and n.
3
Let u be (-1 - -60)/(-7 + 8). Suppose 0 = n - u - 26. Let m = 94 + -60. What is the highest common divisor of m and n?
17
Let w be (2 + -2 + -528)/(-1). Suppose w = -2*i + 5*i. Suppose -2*x = 2*j - 22, 25*x + 105 = 5*j + 20*x. Calculate the highest common divisor of j and i.
16
Let l = -3 - -14. Suppose i = -5*f + 124, 110*f - 106*f + 475 = 5*i. What is the greatest common divisor of i and l?
11
Suppose 42 = 4*t + 3*t. Let s be (-3)/2 - 153/t. Let a = 39 + s. What is the highest common factor of 48 and a?
12
Suppose 4*x + 2*n - 78 = 0, -3 = -3*n + 6. Let q be 140/14 + 2 - -132. Calculate the highest common factor of x and q.
18
Let u be (-4)/(-10) - (-26)/(-65). Suppose b = -b + 5*l + 1, 5*b - 2*l - 34 = u. Let q be (-2 + 6)/(7 - 5). What is the highest common divisor of q and b?
2
Let r = 404 - 378. What is the greatest common factor of r and 832?
26
Suppose -5*q = -q - 280. Suppose 284 - 312 = -2*x. Calculate the highest common divisor of q and x.
14
Let n be (-19 - 1)*(-198)/45. What is the greatest common divisor of 11 and n?
11
Suppose 62 - 27 = 5*w. Let i be 726/w - 1/(-7)*2. Suppose -71 = -2*g - 19. Calculate the greatest common divisor of i and g.
26
Suppose -2*x = 17 - 3. Let b be 4 + -1 - 427/x. What is the highest common factor of 8 and b?
8
Suppose 5*c + t - 560 = -t, -2*t - 100 = -c. Let v(u) = u**3 - 4*u**2 + 2*u + 2. Let r be v(4). What is the highest common divisor of c and r?
10
Let v(o) = -o**3 + 5*o**2 + 6. Let w be v(4). Suppose -3*s = 2*s - 550. What is the greatest common factor of s and w?
22
Let p = 711 + -663. What is the greatest common divisor of p and 272?
16
Suppose 4*n - f = -n + 18, 4*n - 10 = 3*f. Let b be 8/(-2)*